{"id":270,"date":"2014-01-15T12:41:28","date_gmt":"2014-01-15T10:41:28","guid":{"rendered":"http:\/\/www.kmtshop.nl\/producten-shop\/niet-gecategoriseerd\/tp09d-analoge-testtelefoon\/"},"modified":"2019-11-19T12:35:27","modified_gmt":"2019-11-19T11:35:27","slug":"tp09d-analoge-testtelefoon","status":"publish","type":"product","link":"https:\/\/www.kmtservices.nl\/shop\/producten-shop\/telecom\/testtelefoon\/tp09d-analoge-testtelefoon\/","title":{"rendered":"TP09D Analoge testtelefoon"},"content":{"rendered":"<h2><strong>TP09d analoge testtelefoon<\/strong><\/h2>\n<p><strong>TP09d analoge testtelefoon<\/strong> met display.De handige en bijzonder robuuste, waterdichte analoge testtelefoon heeft een veelvoudige functie en makkelijke bediening. Met het grote, grafische display en overzichtelijke keypad zijn alle waardes, zoals MWI-\/CID-\/DTMF-evaluatie, snel te zien.<\/p>\n<p><span id=\"result_box\" class=\"\" lang=\"nl\"><span title=\"Einfacher Aufbau und Bedienung trotz vielf\u00e4ltiger Funktionen zeichnen das analoge Pr\u00fcftelefon TP09D aus.\">Eenvoudige bouw en de exploitatie ondanks de vele functies te onderscheiden van de analoge Pr\u00fcftelefon TP09D. <\/span><span title=\"Das Tastenfeld ist \u00fcbersichtlich durch eindeutige Abgrenzung der Funktionen mit Farben dargestellt.\">Het toetsenbord is duidelijk aangetoond door duidelijke afbakening van functies met kleuren. <\/span><span title=\"Alle Tasten sind bei MFV-Wahl verf\u00fcgbar, auch die Sondertasten * und #.\n\n\">Alle toetsen zijn beschikbaar op DTMF, de speciale toetsen * en #.<\/p>\n<p><\/span><span title=\"Funktionen:\n\"><strong>Features:<\/strong><br \/>\n<\/span><span title=\"In der Schalterstellung RING wartet TP09D auf Anrufe oder es k\u00f6nnen \u00c4nderungen im Setup Men\u00fc vorgenommen werden.\">In de stand RING wachten TP09D voor gesprekken of wijzigingen kunnen worden aangebracht in het setup-menu. <\/span><span title=\"Dazu geh\u00f6rt auch die M\u00f6glichkeit Rufnummern in den Speicher zu programmieren.\">Dit omvat de mogelijkheid om telefoonnummers in het geheugen te programmeren. <\/span><span title=\"Beim ankommenden Ruf werden alle Rufe angezeigt.\">Bij inkomende oproep, worden alle gesprekken weergegeven. <\/span><span title=\"Zur Beurteilung der Rufdauer ist das akustische Signal genauso lang wie die Rufspannung anliegt.\">De gespreksduur beoordelen, het akoestische signaal zolang de wekspanning wordt toegepast. <\/span><span title=\"Wenn CLIP \u00fcbertragen wird, werden die Daten des Anrufenden im Display angezeigt und im CIDRCL-Speicher gespeichert.\">Als CLIP wordt overgedragen, worden de gegevens van de beller worden weergegeven en opgeslagen in het geheugen CIDRCL. <\/span><span title=\"Fehlerhafte Daten\u00fcbertragung wird mit dem entsprechenden Fehlercode angezeigt.\">Foutieve gegevensoverdracht wordt weergegeven met de bijbehorende foutcode. <\/span><span title=\"Werden keine Daten empfangen wird \u201cNo Clip Detected\u201d angezeigt.\">Als er geen gegevens worden ontvangen wordt &#8220;No clip gedetecteerd&#8221; verschijnt. <\/span><span title=\"Wenn eine MWI Information empfangen wird, so wird diese mit allen \u00fcbertragenen Daten und \u201cMWI ON&quot; oder OFF\u201d angezeigt.\n\n\">Als MWI informatie wordt ontvangen, overgedragen ze met alle gegevens en &#8220;MWI ON&#8221; of OFF &#8220;wordt weergegeven.<\/p>\n<p><\/span><span title=\"Monitor:\n\"><strong>Monitoren:<\/strong><br \/>\n<\/span><span title=\"Der hochohmige Monitorbetrieb verhindert St\u00f6rungen in aktiven Leitungen.\">De hoge-impedantie-monitor modus voorkomt storing in actieve lijnen. <\/span><span title=\"Es wird die Linienspannung und der Linienstrom gemessen und angezeigt.\">Het is de netspanning en de lijn stroom wordt gemeten en weergegeven. <\/span><span title=\"Im Monitorbetrieb kann in die Leitung hineingeh\u00f6rt werden, ohne den Service zu st\u00f6ren.\">In de monitor mode, kunnen worden beluisterd in de lijn zonder het verstoren van de service. <\/span><span title=\"Es k\u00f6nnen die DTMF-Signale von gew\u00e4hlten Nummern dekodiert und bis zu 48 Zeichen angezeigt werden.\">Het kan de DTMF-signalen van de gekozen nummers decoderen en maximaal 48 tekens worden weergegeven. <\/span><span title=\"Es wird die Linienspannung zur Beurteilung im Leerlauf angezeigt.\n\n\">Het is de netspanning voor het beoordelen van het inactieve scherm.<\/p>\n<p><\/span><span title=\"Puls- oder Tonwahl:\n\">Puls of DTMF:<br \/>\n<\/span><span title=\"Beim TP09D wird im Men\u00fc die Art der Wahl ausgew\u00e4hlt.\n\n\">Wanneer TP09D de aard van de keuze is geselecteerd in het menu.<\/p>\n<p><\/span><span title=\"Linienspannung \u2013 Polarit\u00e4tspr\u00fcfung:\n\">Netspanning &#8211; Polariteit-test:<br \/>\n<\/span><span title=\"Beim TP09D wird die Linienspannung sowie die Polarit\u00e4t im Display angezeigt.\n\n\">Wanneer TP09D de netspanning en de polariteit van het display verschijnt.<\/p>\n<p><\/span><span title=\"Flash:\n\"><strong>Flash:<\/strong><br \/>\n<\/span><span title=\"Die drei wichtigsten FLASH - Zeiten, 100, 270 und 600 ms sind zum schnellen Zugriff auf die Direkttaste gelegt.\">De drie belangrijkste FLASH &#8211; tijden, zijn 100, 270 en 600 ms bedoeld voor snelle toegang tot de sneltoets. <\/span><span title=\"Das vereinfacht wesentlich die Fehlersuche im Bereich von TK-Anlagen.\n\n\">Dit vereenvoudigt het oplossen van problemen op het gebied van telecommunicatie-systemen.<\/p>\n<p><\/span><span title=\"Memory-Kurzwahl:\n\"><strong>Memory Speed \u200b\u200bDial:<\/strong><br \/>\n<\/span><span title=\"Zwei direkte Rufnummertasten M1 und M2 stehen zur Verf\u00fcgung.\">Twee directe oproep toetsen M1 en M2 zijn beschikbaar. <\/span><span title=\"Weitere 10 indirekte Rufnummernspeicher sind mit zwei Tasten abrufbar.\">Andere 10 indirecte geheugennummer genoemd kan worden met twee sleutels. <\/span><span title=\"Jede Nummer kann 24 Zeichen haben.\n\n\">Elk nummer kan 24 tekens lang zijn.<\/p>\n<p><\/span><span title=\"Wahlwiederholung:\n\"><strong>Opnieuw kiezen:<\/strong><br \/>\n<\/span><span title=\"Es werden die letzten drei gew\u00e4hlten Rufnummern gespeichert.\">Het slaat de laatste drie gebelde nummers. <\/span><span title=\"Durch Dr\u00fccken der Taste LNR werden die Nummern ins Display geholt und k\u00f6nnen selektiert werden.\">Door op de LNR toets nummers worden opgeroepen door het scherm en kunnen worden geselecteerd. <\/span><span title=\"Es werden je 24 Ziffern gespeichert.\n\n\">Het wordt opgeslagen per 24 cijfers.<\/p>\n<p><\/span><span title=\"CIDRCL Caller ID Recall:\n\"><strong>CIDRCL Caller ID Recall:<\/strong><br \/>\n<\/span><span title=\"Unter dieser Taste sind die letzten drei ankommenden Rufe mit \u00fcbertragener Caller ID gespeichert.\">Onder deze sleutel, is de laatste drie inkomende gesprekken met Caller ID overgebracht opgeslagen. <\/span><span title=\"Durch dr\u00fccken der Taste k\u00f6nnen die Nummern ins Display geholt und zur Wiederwahl selektiert werden.\n\n\">de cijfers kan worden opgeroepen via het display en voor herbenoeming geselecteerd door op de knop te drukken.<\/p>\n<p><\/span><span title=\"Datensicherheit:\n\"><strong>Beveiliging van gegevens:<\/strong><br \/>\n<\/span><span title=\"TP09D ist mt speziellen Eingangsfiltern ausgestattet, die ihn hochohmig f\u00fcr digitale Signale wie ISDN oder ADSL machen.\">TP09D is mt speciale ingang filters aangebracht dat het hoge impedantie te maken voor digitale signalen, zoals ISDN of ADSL. <\/span><span title=\"Zus\u00e4tzlich verf\u00fcgt er \u00fcber eine \u00dcber- und Unterspannungs-Abschaltung.\">Daarnaast heeft hij een over- en onderspanning lockout. <\/span><span title=\"Dies bedeudet dass an Linien mit einer Leerlaufspannung \u00fcber 75 Volt oder einer Leerlaufspannung unter 4 Volt ein Belegen nicht m\u00f6glich ist.\">Dit bedeudet dat op lijnen met een open circuit spanning van meer dan 75 volt of een open circuit spanning onder de 4 volt vouchers is niet mogelijk. <\/span><span title=\"Dies dient zum Schutz des Ger\u00e4tes und ev. von Datenleitungen.\">Dit is om het apparaat en evt beschermen. Datalijnen. <\/span><span title=\"Diese Funktion ist deaktiverbar.\">Deze functie is deaktiverbar.<\/span><\/span><\/p>\n","protected":false},"excerpt":{"rendered":"<p>De handige en bijzonder robuuste, waterdichte analoge testtelefoon heeft een veelvoudige functie en makkelijke bediening. Met het grote, grafische display en overzichtelijke keypad zijn alle waardes, zoals MWI-\/CID-\/DTMF-evaluatie, snel te zien.<\/p>\n","protected":false},"featured_media":678,"comment_status":"open","ping_status":"closed","template":"","meta":{"_acf_changed":false},"product_brand":[],"product_cat":[38],"product_tag":[11],"class_list":{"0":"post-270","1":"product","2":"type-product","3":"status-publish","4":"has-post-thumbnail","6":"product_cat-testtelefoon","7":"product_tag-kurth-electronic","8":"wordpress-sticky","10":"first","11":"instock","12":"taxable","13":"shipping-taxable","14":"product-type-simple"},"acf":[],"yoast_head":"<!-- This site is optimized with the Yoast SEO plugin v27.3 - https:\/\/yoast.com\/product\/yoast-seo-wordpress\/ -->\n<title>TP09D Analoge testtelefoon - Koop je bij kmtshop<\/title>\n<meta name=\"description\" content=\"TP09D Analoge testtelefoon, robuuste analoge testtelefoon, waterdicht, heeft veelvoudige functies en makkelijke bediening. Bestel online bij KMT shop.\" \/>\n<meta name=\"robots\" content=\"index, follow, max-snippet:-1, max-image-preview:large, max-video-preview:-1\" \/>\n<link rel=\"canonical\" href=\"https:\/\/www.kmtservices.nl\/shop\/producten-shop\/telecom\/testtelefoon\/tp09d-analoge-testtelefoon\/\" \/>\n<meta property=\"og:locale\" content=\"nl_NL\" \/>\n<meta property=\"og:type\" content=\"article\" \/>\n<meta property=\"og:title\" content=\"TP09D Analoge testtelefoon - Koop je bij kmtshop\" \/>\n<meta property=\"og:description\" content=\"TP09D Analoge testtelefoon, robuuste analoge testtelefoon, waterdicht, heeft veelvoudige functies en makkelijke bediening. Bestel online bij KMT shop.\" \/>\n<meta property=\"og:url\" content=\"https:\/\/www.kmtservices.nl\/shop\/producten-shop\/telecom\/testtelefoon\/tp09d-analoge-testtelefoon\/\" \/>\n<meta property=\"og:site_name\" content=\"KMT Shop\" \/>\n<meta property=\"article:modified_time\" content=\"2019-11-19T11:35:27+00:00\" \/>\n<meta property=\"og:image\" content=\"https:\/\/www.kmtservices.nl\/shop\/wp-content\/uploads\/sites\/2\/2017\/02\/TP09.jpg\" \/>\n\t<meta property=\"og:image:width\" content=\"378\" \/>\n\t<meta property=\"og:image:height\" content=\"329\" \/>\n\t<meta property=\"og:image:type\" content=\"image\/jpeg\" \/>\n<meta name=\"twitter:card\" content=\"summary_large_image\" \/>\n<meta name=\"twitter:label1\" content=\"Geschatte leestijd\" \/>\n\t<meta name=\"twitter:data1\" content=\"2 minuten\" \/>\n<script type=\"application\/ld+json\" class=\"yoast-schema-graph\">{\"@context\":\"https:\\\/\\\/schema.org\",\"@graph\":[{\"@type\":\"WebPage\",\"@id\":\"https:\\\/\\\/www.kmtservices.nl\\\/shop\\\/producten-shop\\\/telecom\\\/testtelefoon\\\/tp09d-analoge-testtelefoon\\\/\",\"url\":\"https:\\\/\\\/www.kmtservices.nl\\\/shop\\\/producten-shop\\\/telecom\\\/testtelefoon\\\/tp09d-analoge-testtelefoon\\\/\",\"name\":\"TP09D Analoge testtelefoon - Koop je bij kmtshop\",\"isPartOf\":{\"@id\":\"https:\\\/\\\/www.kmtservices.nl\\\/shop\\\/#website\"},\"primaryImageOfPage\":{\"@id\":\"https:\\\/\\\/www.kmtservices.nl\\\/shop\\\/producten-shop\\\/telecom\\\/testtelefoon\\\/tp09d-analoge-testtelefoon\\\/#primaryimage\"},\"image\":{\"@id\":\"https:\\\/\\\/www.kmtservices.nl\\\/shop\\\/producten-shop\\\/telecom\\\/testtelefoon\\\/tp09d-analoge-testtelefoon\\\/#primaryimage\"},\"thumbnailUrl\":\"https:\\\/\\\/www.kmtservices.nl\\\/shop\\\/wp-content\\\/uploads\\\/sites\\\/2\\\/2017\\\/02\\\/TP09.jpg\",\"datePublished\":\"2014-01-15T10:41:28+00:00\",\"dateModified\":\"2019-11-19T11:35:27+00:00\",\"description\":\"TP09D Analoge testtelefoon, robuuste analoge testtelefoon, waterdicht, heeft veelvoudige functies en makkelijke bediening. Bestel online bij KMT shop.\",\"breadcrumb\":{\"@id\":\"https:\\\/\\\/www.kmtservices.nl\\\/shop\\\/producten-shop\\\/telecom\\\/testtelefoon\\\/tp09d-analoge-testtelefoon\\\/#breadcrumb\"},\"inLanguage\":\"nl-NL\",\"potentialAction\":[{\"@type\":\"ReadAction\",\"target\":[\"https:\\\/\\\/www.kmtservices.nl\\\/shop\\\/producten-shop\\\/telecom\\\/testtelefoon\\\/tp09d-analoge-testtelefoon\\\/\"]}]},{\"@type\":\"ImageObject\",\"inLanguage\":\"nl-NL\",\"@id\":\"https:\\\/\\\/www.kmtservices.nl\\\/shop\\\/producten-shop\\\/telecom\\\/testtelefoon\\\/tp09d-analoge-testtelefoon\\\/#primaryimage\",\"url\":\"https:\\\/\\\/www.kmtservices.nl\\\/shop\\\/wp-content\\\/uploads\\\/sites\\\/2\\\/2017\\\/02\\\/TP09.jpg\",\"contentUrl\":\"https:\\\/\\\/www.kmtservices.nl\\\/shop\\\/wp-content\\\/uploads\\\/sites\\\/2\\\/2017\\\/02\\\/TP09.jpg\",\"width\":378,\"height\":329,\"caption\":\"TP09\"},{\"@type\":\"BreadcrumbList\",\"@id\":\"https:\\\/\\\/www.kmtservices.nl\\\/shop\\\/producten-shop\\\/telecom\\\/testtelefoon\\\/tp09d-analoge-testtelefoon\\\/#breadcrumb\",\"itemListElement\":[{\"@type\":\"ListItem\",\"position\":1,\"name\":\"Home\",\"item\":\"https:\\\/\\\/www.kmtservices.nl\\\/shop\\\/\"},{\"@type\":\"ListItem\",\"position\":2,\"name\":\"Producten &#038; Shop\",\"item\":\"https:\\\/\\\/www.kmtservices.nl\\\/shop\\\/producten-shop\\\/\"},{\"@type\":\"ListItem\",\"position\":3,\"name\":\"TP09D Analoge testtelefoon\"}]},{\"@type\":\"WebSite\",\"@id\":\"https:\\\/\\\/www.kmtservices.nl\\\/shop\\\/#website\",\"url\":\"https:\\\/\\\/www.kmtservices.nl\\\/shop\\\/\",\"name\":\"KMT Shop\",\"description\":\"Een onderdeel van KMT Services B.V.\",\"potentialAction\":[{\"@type\":\"SearchAction\",\"target\":{\"@type\":\"EntryPoint\",\"urlTemplate\":\"https:\\\/\\\/www.kmtservices.nl\\\/shop\\\/?s={search_term_string}\"},\"query-input\":{\"@type\":\"PropertyValueSpecification\",\"valueRequired\":true,\"valueName\":\"search_term_string\"}}],\"inLanguage\":\"nl-NL\"}]}<\/script>\n<!-- \/ Yoast SEO plugin. -->","yoast_head_json":{"title":"TP09D Analoge testtelefoon - Koop je bij kmtshop","description":"TP09D Analoge testtelefoon, robuuste analoge testtelefoon, waterdicht, heeft veelvoudige functies en makkelijke bediening. Bestel online bij KMT shop.","robots":{"index":"index","follow":"follow","max-snippet":"max-snippet:-1","max-image-preview":"max-image-preview:large","max-video-preview":"max-video-preview:-1"},"canonical":"https:\/\/www.kmtservices.nl\/shop\/producten-shop\/telecom\/testtelefoon\/tp09d-analoge-testtelefoon\/","og_locale":"nl_NL","og_type":"article","og_title":"TP09D Analoge testtelefoon - Koop je bij kmtshop","og_description":"TP09D Analoge testtelefoon, robuuste analoge testtelefoon, waterdicht, heeft veelvoudige functies en makkelijke bediening. Bestel online bij KMT shop.","og_url":"https:\/\/www.kmtservices.nl\/shop\/producten-shop\/telecom\/testtelefoon\/tp09d-analoge-testtelefoon\/","og_site_name":"KMT Shop","article_modified_time":"2019-11-19T11:35:27+00:00","og_image":[{"width":378,"height":329,"url":"https:\/\/www.kmtservices.nl\/shop\/wp-content\/uploads\/sites\/2\/2017\/02\/TP09.jpg","type":"image\/jpeg"}],"twitter_card":"summary_large_image","twitter_misc":{"Geschatte leestijd":"2 minuten"},"schema":{"@context":"https:\/\/schema.org","@graph":[{"@type":"WebPage","@id":"https:\/\/www.kmtservices.nl\/shop\/producten-shop\/telecom\/testtelefoon\/tp09d-analoge-testtelefoon\/","url":"https:\/\/www.kmtservices.nl\/shop\/producten-shop\/telecom\/testtelefoon\/tp09d-analoge-testtelefoon\/","name":"TP09D Analoge testtelefoon - Koop je bij kmtshop","isPartOf":{"@id":"https:\/\/www.kmtservices.nl\/shop\/#website"},"primaryImageOfPage":{"@id":"https:\/\/www.kmtservices.nl\/shop\/producten-shop\/telecom\/testtelefoon\/tp09d-analoge-testtelefoon\/#primaryimage"},"image":{"@id":"https:\/\/www.kmtservices.nl\/shop\/producten-shop\/telecom\/testtelefoon\/tp09d-analoge-testtelefoon\/#primaryimage"},"thumbnailUrl":"https:\/\/www.kmtservices.nl\/shop\/wp-content\/uploads\/sites\/2\/2017\/02\/TP09.jpg","datePublished":"2014-01-15T10:41:28+00:00","dateModified":"2019-11-19T11:35:27+00:00","description":"TP09D Analoge testtelefoon, robuuste analoge testtelefoon, waterdicht, heeft veelvoudige functies en makkelijke bediening. Bestel online bij KMT shop.","breadcrumb":{"@id":"https:\/\/www.kmtservices.nl\/shop\/producten-shop\/telecom\/testtelefoon\/tp09d-analoge-testtelefoon\/#breadcrumb"},"inLanguage":"nl-NL","potentialAction":[{"@type":"ReadAction","target":["https:\/\/www.kmtservices.nl\/shop\/producten-shop\/telecom\/testtelefoon\/tp09d-analoge-testtelefoon\/"]}]},{"@type":"ImageObject","inLanguage":"nl-NL","@id":"https:\/\/www.kmtservices.nl\/shop\/producten-shop\/telecom\/testtelefoon\/tp09d-analoge-testtelefoon\/#primaryimage","url":"https:\/\/www.kmtservices.nl\/shop\/wp-content\/uploads\/sites\/2\/2017\/02\/TP09.jpg","contentUrl":"https:\/\/www.kmtservices.nl\/shop\/wp-content\/uploads\/sites\/2\/2017\/02\/TP09.jpg","width":378,"height":329,"caption":"TP09"},{"@type":"BreadcrumbList","@id":"https:\/\/www.kmtservices.nl\/shop\/producten-shop\/telecom\/testtelefoon\/tp09d-analoge-testtelefoon\/#breadcrumb","itemListElement":[{"@type":"ListItem","position":1,"name":"Home","item":"https:\/\/www.kmtservices.nl\/shop\/"},{"@type":"ListItem","position":2,"name":"Producten &#038; Shop","item":"https:\/\/www.kmtservices.nl\/shop\/producten-shop\/"},{"@type":"ListItem","position":3,"name":"TP09D Analoge testtelefoon"}]},{"@type":"WebSite","@id":"https:\/\/www.kmtservices.nl\/shop\/#website","url":"https:\/\/www.kmtservices.nl\/shop\/","name":"KMT Shop","description":"Een onderdeel van KMT Services B.V.","potentialAction":[{"@type":"SearchAction","target":{"@type":"EntryPoint","urlTemplate":"https:\/\/www.kmtservices.nl\/shop\/?s={search_term_string}"},"query-input":{"@type":"PropertyValueSpecification","valueRequired":true,"valueName":"search_term_string"}}],"inLanguage":"nl-NL"}]}},"_links":{"self":[{"href":"https:\/\/www.kmtservices.nl\/shop\/wp-json\/wp\/v2\/product\/270","targetHints":{"allow":["GET"]}}],"collection":[{"href":"https:\/\/www.kmtservices.nl\/shop\/wp-json\/wp\/v2\/product"}],"about":[{"href":"https:\/\/www.kmtservices.nl\/shop\/wp-json\/wp\/v2\/types\/product"}],"replies":[{"embeddable":true,"href":"https:\/\/www.kmtservices.nl\/shop\/wp-json\/wp\/v2\/comments?post=270"}],"wp:featuredmedia":[{"embeddable":true,"href":"https:\/\/www.kmtservices.nl\/shop\/wp-json\/wp\/v2\/media\/678"}],"wp:attachment":[{"href":"https:\/\/www.kmtservices.nl\/shop\/wp-json\/wp\/v2\/media?parent=270"}],"wp:term":[{"taxonomy":"product_brand","embeddable":true,"href":"https:\/\/www.kmtservices.nl\/shop\/wp-json\/wp\/v2\/product_brand?post=270"},{"taxonomy":"product_cat","embeddable":true,"href":"https:\/\/www.kmtservices.nl\/shop\/wp-json\/wp\/v2\/product_cat?post=270"},{"taxonomy":"product_tag","embeddable":true,"href":"https:\/\/www.kmtservices.nl\/shop\/wp-json\/wp\/v2\/product_tag?post=270"}],"curies":[{"name":"wp","href":"https:\/\/api.w.org\/{rel}","templated":true}]}}