{"id":148,"date":"2013-11-15T12:14:37","date_gmt":"2013-11-15T11:14:37","guid":{"rendered":"http:\/\/www.kmtshop.nl\/producten-shop\/niet-gecategoriseerd\/ke-3600-xdsl-multitester\/"},"modified":"2019-11-19T12:08:35","modified_gmt":"2019-11-19T11:08:35","slug":"ke-3600-xdsl-multitester","status":"publish","type":"product","link":"https:\/\/www.kmtservices.nl\/shop\/producten-shop\/telecom\/xdsl-teters-vplus-g-fast-vectoring-pairbounding-vdsl-a\/ke-3600-xdsl-multitester\/","title":{"rendered":"KE3600 xDSL Multitester"},"content":{"rendered":"<h2><strong>G-fast-Super Vector- Vplus VDSL2 35b\u00a0\u00a0\u00a0 wij-zijn-voorbereid!!!!!<\/strong><\/h2>\n<p>De KE3600 xDSL Multitester is een snel, gebruiksvriendelijk en kosten effectieve multitester voor de installatie en probleem oplossing van DSL service in hybride ADSL 1\/2\/2 + \/VDSL2 en gebundelde netwerken. Met zijn vari\u00ebteit aan interfaces voorziet het de gehele breedband netwerk technologie.<\/p>\n<h2>Kenmerken van de KE3600 xDSL Multitester<\/h2>\n<p>1 GbE\u00a0 InterfaceADSL 1 tot ADSL 2+ Annex A\/B\/M\/JVDSL 2 Annex A\/B met vectoring profielen 8a\/b\/c\/d, 12 a\/b, 17a, 30a (alleen in combinatie met bonding)Modem- router en eindgebruiker modus<\/p>\n<p>De KE3600 wordt compleet geleverd met transport tas, beproevingskabels, software en Nederlandse handleiding.<\/p>\n<p>De KE3600 is een snelle, eenvoudig te gebruiken, veelzijdig en bovenal rendabele xDSL Multitester<br \/>\ndat aan de eisen van de volgende generatie netwerken met VDSL Vectoring en Bonding ondersteunt.<\/p>\n<p>Voor de installatie en het oplossen van problemen van de DSL-diensten in hybride ADSL1 \/ 2\/2 + \/ VDSL2<br \/>\nen gebundeld netwerken.<br \/>\nMet zijn verscheidenheid aan interfaces ondersteunt het effici\u00ebnt breedband netwerktechnologie\u00ebn VDSL Vectoring,<br \/>\nVerbondenheid, SHDSL, Gigabit Ethnernet en GPON.<\/p>\n<p>Dienstverleners moeten de triple play-diensten in de best mogelijke kwaliteit aan te bieden aan haar klanten.<br \/>\nMet een ouder wordende koperen leidingen en de noodzaak om het gebruik van alle paren in de kabel te maximaliseren,<br \/>\nmaakt deze stelling een aanzienlijke uitdaging. Door het gebruik van vectoring volgens ITU-T G.993.5<br \/>\nmet een aanzienlijke verbetering in ruisreductie kan een hogere datasnelheid dienstverlener bieden ,<br \/>\nnaar een andere methode van hoge kwaliteit multi-channel transmissie te bereiken is ADSL2 + &#8211; en VDSL2 Bonding<br \/>\n(Channel bundelen met 2 koperparen) in overeenstemming met de ITU-T G998.1 \/ 2\/3-systeem.<br \/>\nDeze processen worden ondersteund door de KE3600 compatibiliteit tussen de toegepaste ruisonderdrukking garanderen.<\/p>\n<p>Bovendien is de KE3600 voor krachtig foutdiagnose om fouten in het netwerk, met de externe bedrading,<br \/>\nsmalle onmiddellijk in de gebruikersapparatuur of interne bedrading. Zelfs in hybride netwerken,<br \/>\nwaar FTTH ook ge\u00efnstalleerd, kan direct worden gedaan op de vezel metingen met de Ethernet-poorten van de KE3600<br \/>\nop een LAN-poort of met de GPON-module.<\/p>\n<p>Deze vari\u00ebteit van de interfaces van de KE3600 is de ideale oplossing voor de huidige en toekomstige<br \/>\nbreedbandtechnologie\u00ebn. De intu\u00eftieve en snelle &#8220;bediening 1-click&#8221; erm\u00f6glichet zelfs banen het ongetrainde<br \/>\ntechnicus snel en effici\u00ebnt gedaan. De kleine afmetingen, de robuuste design en de uitstekende prijs-prestatieverhouding<br \/>\nmaken van de KE3600 xDSL Multitester de perfecte oplossing voor installateurs en onderhoudstechnici<\/p>\n<p>Let op: Niet alle opties hierboven beschreven zijn beschikbaar als standaard voor alle KExxxx modellen.<br \/>\nSommige functies zijn alleen beschikbaar als meerprijs.<\/p>\n<h2><strong>g-fast-Super Vector- Vplus VDSL2 35b\u00a0\u00a0\u00a0 wij-zijn-voorbereid!!!!!<\/strong><\/h2>\n<div dir=\"ltr\"><\/div>\n<div dir=\"ltr\">\n<h2><span id=\"result_box\" lang=\"nl\"><strong>G.FAST en Super Vector \/ Vplus VDSL2 35b<\/strong><\/span><\/h2>\n<p>De xDSL Multitester KE3600 is Ultra-breedband-compatibel en heeft het<br \/>\nvermogen G.FAST- en Super Vector \/ Vplus analyses uit te voeren voor de installatie en het onderhoud.<br \/>\nG.FAST ondersteuning (ITU-T G9700 en G9701 ITU-T)<br \/>\nOndersteuning voor Super Vector \/ Vplus (profiel VDSL2 35b)<\/p>\n<p><strong>De opties zijn nu beschikbaar!<\/strong><\/p>\n<p><strong>De KMT en Kurth professionals staan aan uw zijde<\/strong><\/p>\n<p>Wij zijn een toonaangevende fabrikant van test- en meetapparatuur voor het gebied<br \/>\nvan de informatietechnologie, telecommunicatie en elektrische installatie.<br \/>\nAl meer dan 30 jaar zijn wij ontwikkelen en produceren van innovatieve en gebruiksvriendelijke<br \/>\napparaten die klanten in hun dagelijkse werkzaamheden te vergemakkelijken.<\/p>\n<\/div>\n<div id=\"attachment_2035\" style=\"width: 265px\" class=\"wp-caption alignnone\"><img loading=\"lazy\" decoding=\"async\" aria-describedby=\"caption-attachment-2035\" class=\" wp-image-149\" src=\"http:\/\/www.kmtshop.nl\/wp-content\/uploads\/sites\/2\/2016\/12\/Kopie-2-van-KE3600-Start-128x177.jpg\" alt=\"KE3600\" width=\"255\" height=\"352\" srcset=\"https:\/\/www.kmtservices.nl\/shop\/wp-content\/uploads\/sites\/2\/2016\/12\/Kopie-2-van-KE3600-Start-128x177.jpg 741w, https:\/\/www.kmtservices.nl\/shop\/wp-content\/uploads\/sites\/2\/2016\/12\/Kopie-2-van-KE3600-Start-128x177-289x400.jpg 289w\" sizes=\"auto, (max-width: 255px) 100vw, 255px\" \/><p id=\"caption-attachment-2035\" class=\"wp-caption-text\">KE3600<\/p><\/div>\n","protected":false},"excerpt":{"rendered":"<p>De KE3600 xDSL Multitester is een snel, gebruiksvriendelijk en kosten effectieve multitester voor de installatie en probleem oplossing van DSL service in hybride ADSL 1\/2\/2 + \/VDSL2 en gebundelde netwerken. Met zijn vari\u00ebteit aan interfaces voorziet het de gehele breedband netwerk technologie.<\/p>\n","protected":false},"featured_media":149,"comment_status":"closed","ping_status":"closed","template":"","meta":{"_acf_changed":false},"product_brand":[],"product_cat":[63],"product_tag":[11],"class_list":{"0":"post-148","1":"product","2":"type-product","3":"status-publish","4":"has-post-thumbnail","6":"product_cat-xdsl-teters-vplus-g-fast-vectoring-pairbounding-vdsl-a","7":"product_tag-kurth-electronic","8":"wordpress-sticky","10":"first","11":"instock","12":"taxable","13":"shipping-taxable","14":"product-type-simple"},"acf":[],"yoast_head":"<!-- This site is optimized with the Yoast SEO plugin v27.5 - https:\/\/yoast.com\/product\/yoast-seo-wordpress\/ -->\n<title>KE3600 xDSL Multitester - multitester - Koop je bij kmtshop<\/title>\n<meta name=\"description\" content=\"KE3600 xDSL Multitester,effectieve Multitester voor de installatie en probleemoplossing van DSL service in hybride ADSL1\/2\/2 + VDSL2 en gebundelde netwerken\" \/>\n<meta name=\"robots\" content=\"index, follow, max-snippet:-1, max-image-preview:large, max-video-preview:-1\" \/>\n<link rel=\"canonical\" href=\"https:\/\/www.kmtservices.nl\/shop\/producten-shop\/telecom\/xdsl-teters-vplus-g-fast-vectoring-pairbounding-vdsl-a\/ke-3600-xdsl-multitester\/\" \/>\n<meta property=\"og:locale\" content=\"nl_NL\" \/>\n<meta property=\"og:type\" content=\"article\" \/>\n<meta property=\"og:title\" content=\"KE3600 xDSL Multitester - multitester - Koop je bij kmtshop\" \/>\n<meta property=\"og:description\" content=\"KE3600 xDSL Multitester,effectieve Multitester voor de installatie en probleemoplossing van DSL service in hybride ADSL1\/2\/2 + VDSL2 en gebundelde netwerken\" \/>\n<meta property=\"og:url\" content=\"https:\/\/www.kmtservices.nl\/shop\/producten-shop\/telecom\/xdsl-teters-vplus-g-fast-vectoring-pairbounding-vdsl-a\/ke-3600-xdsl-multitester\/\" \/>\n<meta property=\"og:site_name\" content=\"KMT Shop\" \/>\n<meta property=\"article:modified_time\" content=\"2019-11-19T11:08:35+00:00\" \/>\n<meta property=\"og:image\" content=\"https:\/\/www.kmtservices.nl\/shop\/wp-content\/uploads\/sites\/2\/2016\/12\/Kopie-2-van-KE3600-Start-128x177.jpg\" \/>\n\t<meta property=\"og:image:width\" content=\"741\" \/>\n\t<meta property=\"og:image:height\" content=\"1024\" \/>\n\t<meta property=\"og:image:type\" content=\"image\/jpeg\" \/>\n<meta name=\"twitter:card\" content=\"summary_large_image\" \/>\n<meta name=\"twitter:label1\" content=\"Geschatte leestijd\" \/>\n\t<meta name=\"twitter:data1\" content=\"3 minuten\" \/>\n<script type=\"application\/ld+json\" class=\"yoast-schema-graph\">{\"@context\":\"https:\\\/\\\/schema.org\",\"@graph\":[{\"@type\":\"WebPage\",\"@id\":\"https:\\\/\\\/www.kmtservices.nl\\\/shop\\\/producten-shop\\\/telecom\\\/xdsl-teters-vplus-g-fast-vectoring-pairbounding-vdsl-a\\\/ke-3600-xdsl-multitester\\\/\",\"url\":\"https:\\\/\\\/www.kmtservices.nl\\\/shop\\\/producten-shop\\\/telecom\\\/xdsl-teters-vplus-g-fast-vectoring-pairbounding-vdsl-a\\\/ke-3600-xdsl-multitester\\\/\",\"name\":\"KE3600 xDSL Multitester - multitester - Koop je bij kmtshop\",\"isPartOf\":{\"@id\":\"https:\\\/\\\/www.kmtservices.nl\\\/shop\\\/#website\"},\"primaryImageOfPage\":{\"@id\":\"https:\\\/\\\/www.kmtservices.nl\\\/shop\\\/producten-shop\\\/telecom\\\/xdsl-teters-vplus-g-fast-vectoring-pairbounding-vdsl-a\\\/ke-3600-xdsl-multitester\\\/#primaryimage\"},\"image\":{\"@id\":\"https:\\\/\\\/www.kmtservices.nl\\\/shop\\\/producten-shop\\\/telecom\\\/xdsl-teters-vplus-g-fast-vectoring-pairbounding-vdsl-a\\\/ke-3600-xdsl-multitester\\\/#primaryimage\"},\"thumbnailUrl\":\"https:\\\/\\\/www.kmtservices.nl\\\/shop\\\/wp-content\\\/uploads\\\/sites\\\/2\\\/2016\\\/12\\\/Kopie-2-van-KE3600-Start-128x177.jpg\",\"datePublished\":\"2013-11-15T11:14:37+00:00\",\"dateModified\":\"2019-11-19T11:08:35+00:00\",\"description\":\"KE3600 xDSL Multitester,effectieve Multitester voor de installatie en probleemoplossing van DSL service in hybride ADSL1\\\/2\\\/2 + VDSL2 en gebundelde netwerken\",\"breadcrumb\":{\"@id\":\"https:\\\/\\\/www.kmtservices.nl\\\/shop\\\/producten-shop\\\/telecom\\\/xdsl-teters-vplus-g-fast-vectoring-pairbounding-vdsl-a\\\/ke-3600-xdsl-multitester\\\/#breadcrumb\"},\"inLanguage\":\"nl-NL\",\"potentialAction\":[{\"@type\":\"ReadAction\",\"target\":[\"https:\\\/\\\/www.kmtservices.nl\\\/shop\\\/producten-shop\\\/telecom\\\/xdsl-teters-vplus-g-fast-vectoring-pairbounding-vdsl-a\\\/ke-3600-xdsl-multitester\\\/\"]}]},{\"@type\":\"ImageObject\",\"inLanguage\":\"nl-NL\",\"@id\":\"https:\\\/\\\/www.kmtservices.nl\\\/shop\\\/producten-shop\\\/telecom\\\/xdsl-teters-vplus-g-fast-vectoring-pairbounding-vdsl-a\\\/ke-3600-xdsl-multitester\\\/#primaryimage\",\"url\":\"https:\\\/\\\/www.kmtservices.nl\\\/shop\\\/wp-content\\\/uploads\\\/sites\\\/2\\\/2016\\\/12\\\/Kopie-2-van-KE3600-Start-128x177.jpg\",\"contentUrl\":\"https:\\\/\\\/www.kmtservices.nl\\\/shop\\\/wp-content\\\/uploads\\\/sites\\\/2\\\/2016\\\/12\\\/Kopie-2-van-KE3600-Start-128x177.jpg\",\"width\":741,\"height\":1024,\"caption\":\"KE3600\"},{\"@type\":\"BreadcrumbList\",\"@id\":\"https:\\\/\\\/www.kmtservices.nl\\\/shop\\\/producten-shop\\\/telecom\\\/xdsl-teters-vplus-g-fast-vectoring-pairbounding-vdsl-a\\\/ke-3600-xdsl-multitester\\\/#breadcrumb\",\"itemListElement\":[{\"@type\":\"ListItem\",\"position\":1,\"name\":\"Home\",\"item\":\"https:\\\/\\\/www.kmtservices.nl\\\/shop\\\/\"},{\"@type\":\"ListItem\",\"position\":2,\"name\":\"Producten &#038; Shop\",\"item\":\"https:\\\/\\\/www.kmtservices.nl\\\/shop\\\/producten-shop\\\/\"},{\"@type\":\"ListItem\",\"position\":3,\"name\":\"KE3600 xDSL Multitester\"}]},{\"@type\":\"WebSite\",\"@id\":\"https:\\\/\\\/www.kmtservices.nl\\\/shop\\\/#website\",\"url\":\"https:\\\/\\\/www.kmtservices.nl\\\/shop\\\/\",\"name\":\"KMT Shop\",\"description\":\"Een onderdeel van KMT Services B.V.\",\"potentialAction\":[{\"@type\":\"SearchAction\",\"target\":{\"@type\":\"EntryPoint\",\"urlTemplate\":\"https:\\\/\\\/www.kmtservices.nl\\\/shop\\\/?s={search_term_string}\"},\"query-input\":{\"@type\":\"PropertyValueSpecification\",\"valueRequired\":true,\"valueName\":\"search_term_string\"}}],\"inLanguage\":\"nl-NL\"}]}<\/script>\n<!-- \/ Yoast SEO plugin. -->","yoast_head_json":{"title":"KE3600 xDSL Multitester - multitester - Koop je bij kmtshop","description":"KE3600 xDSL Multitester,effectieve Multitester voor de installatie en probleemoplossing van DSL service in hybride ADSL1\/2\/2 + VDSL2 en gebundelde netwerken","robots":{"index":"index","follow":"follow","max-snippet":"max-snippet:-1","max-image-preview":"max-image-preview:large","max-video-preview":"max-video-preview:-1"},"canonical":"https:\/\/www.kmtservices.nl\/shop\/producten-shop\/telecom\/xdsl-teters-vplus-g-fast-vectoring-pairbounding-vdsl-a\/ke-3600-xdsl-multitester\/","og_locale":"nl_NL","og_type":"article","og_title":"KE3600 xDSL Multitester - multitester - Koop je bij kmtshop","og_description":"KE3600 xDSL Multitester,effectieve Multitester voor de installatie en probleemoplossing van DSL service in hybride ADSL1\/2\/2 + VDSL2 en gebundelde netwerken","og_url":"https:\/\/www.kmtservices.nl\/shop\/producten-shop\/telecom\/xdsl-teters-vplus-g-fast-vectoring-pairbounding-vdsl-a\/ke-3600-xdsl-multitester\/","og_site_name":"KMT Shop","article_modified_time":"2019-11-19T11:08:35+00:00","og_image":[{"width":741,"height":1024,"url":"https:\/\/www.kmtservices.nl\/shop\/wp-content\/uploads\/sites\/2\/2016\/12\/Kopie-2-van-KE3600-Start-128x177.jpg","type":"image\/jpeg"}],"twitter_card":"summary_large_image","twitter_misc":{"Geschatte leestijd":"3 minuten"},"schema":{"@context":"https:\/\/schema.org","@graph":[{"@type":"WebPage","@id":"https:\/\/www.kmtservices.nl\/shop\/producten-shop\/telecom\/xdsl-teters-vplus-g-fast-vectoring-pairbounding-vdsl-a\/ke-3600-xdsl-multitester\/","url":"https:\/\/www.kmtservices.nl\/shop\/producten-shop\/telecom\/xdsl-teters-vplus-g-fast-vectoring-pairbounding-vdsl-a\/ke-3600-xdsl-multitester\/","name":"KE3600 xDSL Multitester - multitester - Koop je bij kmtshop","isPartOf":{"@id":"https:\/\/www.kmtservices.nl\/shop\/#website"},"primaryImageOfPage":{"@id":"https:\/\/www.kmtservices.nl\/shop\/producten-shop\/telecom\/xdsl-teters-vplus-g-fast-vectoring-pairbounding-vdsl-a\/ke-3600-xdsl-multitester\/#primaryimage"},"image":{"@id":"https:\/\/www.kmtservices.nl\/shop\/producten-shop\/telecom\/xdsl-teters-vplus-g-fast-vectoring-pairbounding-vdsl-a\/ke-3600-xdsl-multitester\/#primaryimage"},"thumbnailUrl":"https:\/\/www.kmtservices.nl\/shop\/wp-content\/uploads\/sites\/2\/2016\/12\/Kopie-2-van-KE3600-Start-128x177.jpg","datePublished":"2013-11-15T11:14:37+00:00","dateModified":"2019-11-19T11:08:35+00:00","description":"KE3600 xDSL Multitester,effectieve Multitester voor de installatie en probleemoplossing van DSL service in hybride ADSL1\/2\/2 + VDSL2 en gebundelde netwerken","breadcrumb":{"@id":"https:\/\/www.kmtservices.nl\/shop\/producten-shop\/telecom\/xdsl-teters-vplus-g-fast-vectoring-pairbounding-vdsl-a\/ke-3600-xdsl-multitester\/#breadcrumb"},"inLanguage":"nl-NL","potentialAction":[{"@type":"ReadAction","target":["https:\/\/www.kmtservices.nl\/shop\/producten-shop\/telecom\/xdsl-teters-vplus-g-fast-vectoring-pairbounding-vdsl-a\/ke-3600-xdsl-multitester\/"]}]},{"@type":"ImageObject","inLanguage":"nl-NL","@id":"https:\/\/www.kmtservices.nl\/shop\/producten-shop\/telecom\/xdsl-teters-vplus-g-fast-vectoring-pairbounding-vdsl-a\/ke-3600-xdsl-multitester\/#primaryimage","url":"https:\/\/www.kmtservices.nl\/shop\/wp-content\/uploads\/sites\/2\/2016\/12\/Kopie-2-van-KE3600-Start-128x177.jpg","contentUrl":"https:\/\/www.kmtservices.nl\/shop\/wp-content\/uploads\/sites\/2\/2016\/12\/Kopie-2-van-KE3600-Start-128x177.jpg","width":741,"height":1024,"caption":"KE3600"},{"@type":"BreadcrumbList","@id":"https:\/\/www.kmtservices.nl\/shop\/producten-shop\/telecom\/xdsl-teters-vplus-g-fast-vectoring-pairbounding-vdsl-a\/ke-3600-xdsl-multitester\/#breadcrumb","itemListElement":[{"@type":"ListItem","position":1,"name":"Home","item":"https:\/\/www.kmtservices.nl\/shop\/"},{"@type":"ListItem","position":2,"name":"Producten &#038; Shop","item":"https:\/\/www.kmtservices.nl\/shop\/producten-shop\/"},{"@type":"ListItem","position":3,"name":"KE3600 xDSL Multitester"}]},{"@type":"WebSite","@id":"https:\/\/www.kmtservices.nl\/shop\/#website","url":"https:\/\/www.kmtservices.nl\/shop\/","name":"KMT Shop","description":"Een onderdeel van KMT Services B.V.","potentialAction":[{"@type":"SearchAction","target":{"@type":"EntryPoint","urlTemplate":"https:\/\/www.kmtservices.nl\/shop\/?s={search_term_string}"},"query-input":{"@type":"PropertyValueSpecification","valueRequired":true,"valueName":"search_term_string"}}],"inLanguage":"nl-NL"}]}},"_links":{"self":[{"href":"https:\/\/www.kmtservices.nl\/shop\/wp-json\/wp\/v2\/product\/148","targetHints":{"allow":["GET"]}}],"collection":[{"href":"https:\/\/www.kmtservices.nl\/shop\/wp-json\/wp\/v2\/product"}],"about":[{"href":"https:\/\/www.kmtservices.nl\/shop\/wp-json\/wp\/v2\/types\/product"}],"replies":[{"embeddable":true,"href":"https:\/\/www.kmtservices.nl\/shop\/wp-json\/wp\/v2\/comments?post=148"}],"wp:featuredmedia":[{"embeddable":true,"href":"https:\/\/www.kmtservices.nl\/shop\/wp-json\/wp\/v2\/media\/149"}],"wp:attachment":[{"href":"https:\/\/www.kmtservices.nl\/shop\/wp-json\/wp\/v2\/media?parent=148"}],"wp:term":[{"taxonomy":"product_brand","embeddable":true,"href":"https:\/\/www.kmtservices.nl\/shop\/wp-json\/wp\/v2\/product_brand?post=148"},{"taxonomy":"product_cat","embeddable":true,"href":"https:\/\/www.kmtservices.nl\/shop\/wp-json\/wp\/v2\/product_cat?post=148"},{"taxonomy":"product_tag","embeddable":true,"href":"https:\/\/www.kmtservices.nl\/shop\/wp-json\/wp\/v2\/product_tag?post=148"}],"curies":[{"name":"wp","href":"https:\/\/api.w.org\/{rel}","templated":true}]}}